{"id":5721,"date":"2025-04-01T20:27:03","date_gmt":"2025-04-01T18:27:03","guid":{"rendered":"https:\/\/eigakai.de\/?page_id=5721"},"modified":"2025-04-01T20:28:33","modified_gmt":"2025-04-01T18:28:33","slug":"impressum","status":"publish","type":"page","link":"https:\/\/eigakai.de\/?page_id=5721","title":{"rendered":"Impressum"},"content":{"rendered":"<h1>Impressum<\/h1>\n<p>EIGAKAI Wassiljew, Gohl, Magerkort GbR<br \/>\nHofweg 12<br \/>\n71640 Ludwigsburg<\/p>\n<p><strong>Vertreten durch:<\/strong><br \/>\nDomenic Wassiljew<br \/>\nChristina Gohl<br \/>\nS\u00f6ren Magerkort<\/p>\n<h2>Kontakt<\/h2>\n<p>Telefon: +49 (0) 151 41 28 92 14<br \/>\nE-Mail: info[at]eigakai.de<\/p>\n<h2>Umsatzsteuer-ID<\/h2>\n<p>Umsatzsteuer-Identifikationsnummer gem\u00e4\u00df \u00a7 27 a Umsatzsteuergesetz:<br \/>\nDE451753636<\/p>\n<h2>Redaktionell verantwortlich<\/h2>\n<p>Domenic Wassiljew<br \/>\nHofweg 12<br \/>\n71640 Ludwigsburg<\/p>\n<h2>EU-Streitschlichtung<\/h2>\n<p>Die Europ\u00e4ische Kommission stellt eine Plattform zur Online-Streitbeilegung (OS) bereit: <a href=\"https:\/\/ec.europa.eu\/consumers\/odr\/\" target=\"_blank\" rel=\"noopener noreferrer\">https:\/\/ec.europa.eu\/consumers\/odr\/<\/a>.<br \/>\nUnsere E-Mail-Adresse finden Sie oben im Impressum.<\/p>\n<h2>Verbraucher\u00adstreit\u00adbeilegung\/Universal\u00adschlichtungs\u00adstelle<\/h2>\n<p>Wir nehmen an einem Streitbeilegungsverfahren vor einer Verbraucherschlichtungsstelle teil. Zust\u00e4ndig ist die Universalschlichtungsstelle des Zentrums f\u00fcr Schlichtung e.V., Stra\u00dfburger Stra\u00dfe 8, 77694 Kehl am Rhein (<a href=\"https:\/\/www.verbraucher-schlichter.de\" target=\"_blank\" rel=\"noopener noreferrer\">https:\/\/www.verbraucher-schlichter.de<\/a>).<\/p>\n<p>Quelle: <a href=\"https:\/\/www.e-recht24.de\">e-recht24.de<\/a><\/p>\n","protected":false},"excerpt":{"rendered":"<p>Impressum EIGAKAI Wassiljew, Gohl, Magerkort GbR Hofweg 12 71640 Ludwigsburg Vertreten durch: Domenic Wassiljew Christina Gohl S\u00f6ren Magerkort Kontakt Telefon: +49 (0) 151 41 28 92 14 E-Mail: info[at]eigakai.de Umsatzsteuer-ID Umsatzsteuer-Identifikationsnummer gem\u00e4\u00df \u00a7 27 a Umsatzsteuergesetz: DE451753636 Redaktionell verantwortlich Domenic Wassiljew Hofweg 12 71640 Ludwigsburg EU-Streitschlichtung Die Europ\u00e4ische Kommission stellt eine Plattform zur Online-Streitbeilegung (OS) [&hellip;]<\/p>\n","protected":false},"author":1,"featured_media":0,"parent":0,"menu_order":0,"comment_status":"closed","ping_status":"closed","template":"","meta":{"_monsterinsights_skip_tracking":false,"_monsterinsights_sitenote_active":false,"_monsterinsights_sitenote_note":"","_monsterinsights_sitenote_category":0,"footnotes":""},"class_list":["post-5721","page","type-page","status-publish","hentry"],"aioseo_notices":[],"_links":{"self":[{"href":"https:\/\/eigakai.de\/index.php?rest_route=\/wp\/v2\/pages\/5721","targetHints":{"allow":["GET"]}}],"collection":[{"href":"https:\/\/eigakai.de\/index.php?rest_route=\/wp\/v2\/pages"}],"about":[{"href":"https:\/\/eigakai.de\/index.php?rest_route=\/wp\/v2\/types\/page"}],"author":[{"embeddable":true,"href":"https:\/\/eigakai.de\/index.php?rest_route=\/wp\/v2\/users\/1"}],"replies":[{"embeddable":true,"href":"https:\/\/eigakai.de\/index.php?rest_route=%2Fwp%2Fv2%2Fcomments&post=5721"}],"version-history":[{"count":4,"href":"https:\/\/eigakai.de\/index.php?rest_route=\/wp\/v2\/pages\/5721\/revisions"}],"predecessor-version":[{"id":5725,"href":"https:\/\/eigakai.de\/index.php?rest_route=\/wp\/v2\/pages\/5721\/revisions\/5725"}],"wp:attachment":[{"href":"https:\/\/eigakai.de\/index.php?rest_route=%2Fwp%2Fv2%2Fmedia&parent=5721"}],"curies":[{"name":"wp","href":"https:\/\/api.w.org\/{rel}","templated":true}]}}